tens digit of o?
4
Let t(b) = -2*b**2 - 5*b + 16. Let j be t(13). What is the units digit of j/(-27)*(-6)/(-2)?
3
Suppose 0 = -2*w + w. Suppose 9 = 5*s + 2*f, w = 5*s - 4*f - 0*f - 27. Suppose -s*i - 2*i + 35 = 0. What is the units digit of i?
7
Let f = -449 + 864. What is the units digit of f?
5
Suppose 342 = 5*b + x - 5*x, 2*x = -2*b + 144. Let a = b - 44. What is the tens digit of a?
2
Suppose -n + 85 = 4*n. What is the units digit of n?
7
Let l(i) = -3*i**2 + 8*i + 14. Let b(g) = -g**2 + 3*g + 5. Let x(o) = -8*b(o) + 3*l(o). Let a be x(2). What is the units digit of ((-2)/a)/(5/70)?
4
Let c(k) = -k**3 - 2*k**2 - k - 4. Suppose -4*y + 39 + 29 = 4*h, -y + 59 = 3*h. Suppose 0 = -u + 3, 0 = -3*n + 2*u + 6 - h. What is the units digit of c(n)?
8
Let z(b) = -b - 3. Let n be z(-5). Suppose q = -n*q - 36. Let k = q - -18. What is the units digit of k?
6
Let n(x) = -23*x + 1. Let p be n(-1). Suppose -t + 4 = -p. Let d = t + -15. What is the units digit of d?
3
Suppose 8*q = 16*q - 1808. What is the hundreds digit of q?
2
Suppose -5*d = -25, -46 - 7 = 2*r - d. Let h = r + 41. What is the tens digit of h?
1
Suppose -2*c - 2*c = -72. What is the units digit of c?
8
Let u = 6 - 14. Let o = u - -11. What is the units digit of o?
3
Let f be 14 - (5 + -3)/1. What is the units digit of 18/f + 9/2?
6
Let h = 7 - 5. Let c = h + -4. Let u = c + 7. What is the units digit of u?
5
Let t(x) = 2*x**2 - 4*x + 3. Let o be t(2). Suppose -o*m + 3 = -9. What is the units digit of m?
4
Let f(b) = -2*b - 7. Let m be f(-7). Let r(c) = -m*c + 5*c + 14*c - c**2 - 5. What is the units digit of r(11)?
6
Suppose 3*h = 4*b + 374, 0*h - 504 = -4*h + 4*b. What is the units digit of h?
0
Suppose -3*k - 2*s = 2*k, -2*k + 2*s = 0. Suppose -2*i + k = -14. What is the units digit of i?
7
Suppose 37 = 5*k - 13. Suppose 4 = 4*j - 4. Suppose 0 = 5*b + k, j*s + 5*b = -2*s + 14. What is the units digit of s?
6
Suppose -3*l + 22 = 4*v, -2*l - v = 2*v - 13. Suppose 0 = -5*q - 0*p + p, q = 3*p - l. What is the units digit of (-24)/15*(-4 - q)?
8
Suppose 2*t - 3 - 25 = 0. What is the tens digit of 4/(1 - -1) + t?
1
Let c(w) = 4*w**3 + 9*w**2 - 4*w - 10. Let a(z) = -z**3 - z**2 - z. Let p(o) = -3*a(o) - c(o). What is the tens digit of p(-7)?
1
Suppose -5*i = -2*v - 18, 4*i - 2*v + 4 - 18 = 0. Suppose 48 = i*b - 16. What is the units digit of b?
6
Let x be 2/((-5)/(310/4)). Let h be (-3)/(-12) - x/4. Suppose 0 = -4*k + 20 + h. What is the units digit of k?
7
Let b = -9 - -7. What is the units digit of 1 - (-3 + b + 2)?
4
Let o(a) = a**3 + 6*a**2 - 13*a - 2. What is the units digit of o(-7)?
0
Let r(p) be the first derivative of 1/4*p**4 - 7/3*p**3 + 4*p**2 - 7*p - 2. What is the units digit of r(6)?
5
Let n(g) = 11*g - 6. What is the tens digit of n(4)?
3
Let r = -12 - -18. Let w = 38 - r. What is the units digit of w?
2
Let l(d) = -d**3 - 8*d**2 + 9*d + 7. Let v be l(-9). Let k = v - 1. What is the units digit of k?
6
Let y be 10/4 - 5/10. Suppose -4*d + 2*d + 3*b = -16, -y*b = -4*d + 48. What is the units digit of d?
4
Let c(p) = -3*p**3 - 907*p**2 + 2 + 4*p**3 + 909*p**2. Suppose 0*w = -2*w - 4. What is the units digit of c(w)?
2
Let h(m) = m**2 - 10*m - 22. What is the units digit of h(-4)?
4
Suppose 5*n + 2*m - 795 = 0, 3*m + 70 = 5*n - 750. Suppose -5*t + 206 = -4*x, 4*x = -5*t + 13 + n. What is the tens digit of t?
3
Let i be 7/3 + (-1)/3. Let g = i + 2. Suppose -11 - 1 = 2*s - g*b, 2*s - 3*b = -7. What is the units digit of s?
4
Let l(j) be the first derivative of -13*j**4/4 - j**3/3 - j**2/2 - j + 4. What is the tens digit of l(-1)?
1
Suppose 6*i + 32 = 10*i. What is the units digit of i?
8
Let c(q) = q**2 + q - 11. What is the units digit of c(-5)?
9
Let n(t) be the third derivative of -1/120*t**6 - 3*t**2 - 1/15*t**5 + 0*t - 1/12*t**4 - t**3 + 0. What is the units digit of n(-4)?
2
Suppose 2*o = 4*z + 4 + 2, 0 = -2*z. What is the units digit of o?
3
Suppose 3*s = 5*q + 669, -5 - 390 = 3*q - 5*s. Let j be 4/(-6)*q/10. Suppose 3*x - j = -3. What is the units digit of x?
2
Suppose 13*r - 8*r - 70 = 0. What is the units digit of r?
4
Let m be (-4)/3*(-15)/2. Let d be 1/((-33)/30 - -1). What is the units digit of 25/d*(-16)/m?
4
Let i(o) = -o**3 + 10*o**2 + 12*o - 9. Let t be i(11). Suppose g - 96 = -5*d + 129, t*d - 87 = -g. What is the tens digit of d?
4
Let d = 10 - 8. Suppose -22 - 12 = -d*m. What is the units digit of m?
7
Let h(l) = l**3 - 5*l**2 + 4*l - 3. Let a be (-30)/(-7) - 4/14. Let v be h(a). What is the units digit of (0/v - -1) + 0?
1
Suppose -5*f = -13 - 17. Let n(l) = -l**3 + 5*l**2 + 6*l + 1. Let a be n(f). Suppose -3*m - 3*c + 47 = -a, 5*m - 2*c - 59 = 0. What is the tens digit of m?
1
Suppose d = 5*d - 16. Suppose -x + 60 = d*x. What is the tens digit of x?
1
Let s = -1 + 5. Suppose -56 = -s*t - 5*y, 5*t + y - 49 = -0*y. What is the units digit of t?
9
Let g = 269 - 162. What is the tens digit of g?
0
Suppose a - 18 = -2*a. Suppose 5 = -p + a*p. What is the units digit of p?
1
Let l(h) be the third derivative of h**6/720 - h**5/120 - h**4/12 + h**2. Let q(t) be the second derivative of l(t). What is the units digit of q(8)?
7
Let f(r) = 3*r**2 - 11*r - 14. Let i(j) = j**2 + 1. Let q(b) = -f(b) + 2*i(b). What is the tens digit of q(7)?
4
What is the units digit of ((-192)/(-240))/(67/65 - 1)?
6
Suppose -18 = a - 6. Let f be (-4)/10 - a/5. Suppose -l + 14 = f*i, -l - 3 = -3*i + 13. What is the units digit of i?
6
Let s(u) = -2*u - 1. Let i be s(-2). Suppose 3*r - 2*r - 1 = -2*m, -3*m = -i. What is the units digit of ((-22)/(-6))/(r/(-6))?
2
Let g(k) = -k**3 + 3*k**2 + 3*k + 1. Let o(i) = -1. Let u(m) = g(m) + 4*o(m). What is the units digit of u(3)?
6
What is the units digit of 2 - 3 - 4/((-8)/50)?
4
Let h(p) = p**3 - 3*p**2 - 6*p + 5. Let n be h(5). Suppose 0*i = 4*j - 3*i - n, 18 = 3*j - 2*i. Suppose 3 = -j*g + 87. What is the tens digit of g?
2
Let h be (-4)/(2/(-4)*-4). Let r(n) = -4*n**2 - 4*n. Let v(l) = 3*l**2 + 3*l. Let p(j) = 4*r(j) + 6*v(j). What is the units digit of p(h)?
4
Suppose -4*s + 4 = 0, -s - 86 = -5*n + 2*n. What is the units digit of n?
9
Suppose 3*a + 35 = 137. What is the tens digit of a?
3
Let q(z) = -z**3 + 8*z**2 - 2*z + 1. Let f be q(7). Suppose -f = -6*h + 2*h. What is the units digit of h?
9
Suppose -8*t + 3*t + 285 = 0. What is the units digit of t?
7
Let c = -1 + 1. Let u(z) = 9*z**2 + 5*z**2 + c + 1. What is the tens digit of u(-1)?
1
Let k(w) = 11*w + 27. What is the units digit of k(10)?
7
Suppose 9 = -2*l - 5*q, 0 = -4*q - 3 + 7. Let y = l + 11. What is the units digit of y?
4
Suppose 0 = -3*d - d. Suppose 0 = -2*g - d*g. Suppose -q = c - 4, -q + 4*c - 2*c + 10 = g. What is the units digit of q?
6
Let l(p) = p + 3. Let b be ((-8)/12)/(4/(-18)). What is the units digit of l(b)?
6
Let x(t) = -t**2 - 5*t + 8. Let r be x(-6). Let o(s) = -s**3 + 1. Let g be o(-2). Suppose -q = -r*q + g. What is the units digit of q?
9
What is the tens digit of (-12)/9*1491/(-28)?
7
Let a = 5 - 0. Suppose -5*x = i - 0 - 17, 0 = i + x - a. What is the units digit of i?
2
Let d = -5 + 10. Suppose 4*s - d*n = 140, n + 98 = 3*s - n. What is the units digit of s?
0
Let x = -2 + 0. Let z be 6*(x + (-10)/(-4)). Suppose z*r + 12 = 0, -4*y = -2*r + 3*r - 4. What is the units digit of y?
2
Suppose 3*j - j = 2*z + 50, 0 = -3*z - 12. Suppose 0 = 2*v + 7 - j. What is the units digit of v?
7
Suppose -2*c - 2*b = -8, 0 = 3*c + 2*b - 5 - 7. What is the units digit of c?
4
Let w(g) = g**3 - 19*g**2 - 14*g - 23. What is the tens digit of w(20)?
9
Let u = 205 - 120. What is the units digit of u?
5
Suppose 4*i + 0*i + 20 = 0. Let r(n) = -n + 6. What is the units digit of r(i)?
1
Let g(h) = -63*h**3 + 2*h**2 - 1. Let o be g(-1). Suppose 4*l - 5*l = -o. Suppose -l = -4*x + 3*d + 11, -5*x - 5*d = -85. What is the units digit of x?
8
Let g = 5 - 7. Let y = g - -11. What is the units digit of y?
9
Suppose -4*d - 4*v + v = -103, d + v = 25. What is the tens digit of d?
2
Let x(s) = -s + 10. What is the units digit of x(-8)?
8
Let c be -3*2*(-36)/8. Let s = -12 + c. What is the tens digit of s?
1
Suppose -4*v + 20 = 0, 0*i + 4*i - 4*v + 184 = 0. Let r = i + 77. What is the tens digit of r?
3
Let a(s) = s**2 + 5*s + 1. Let b(l) = -l**3 + 3*l**2 + 4*l - 5. Let w be b(4). Let h be a